 and v?
12
Let l(u) = -552*u + 2622. Let w be l(4). What is the greatest common factor of w and 54?
18
Suppose -3*j + 9 = -0*j. Let w be (-400*9/(-18) - 2*4)/1. Calculate the highest common factor of w and j.
3
Let y be (20/12)/(3*(-5)/45) - -6184. Calculate the highest common divisor of 74 and y.
37
Let p = 56 - 54. Let r(h) = -25 - p*h + 4 + 59 + h. Let j be r(8). Calculate the highest common factor of j and 40.
10
Let g = 4011 + -2847. Calculate the greatest common factor of g and 168.
12
Let r = -64 + 200. Let k(t) = t**3 - 9*t**2 - t + 12. Let m be k(9). Suppose 2*j + 85 = 5*x, -17 = -x - m*j + j. Calculate the highest common factor of x and r.
17
Let f be (-5)/(-15)*1 - (-8)/3. Suppose 11 = 2*s + 3, f*a + 234 = -3*s. Let m = -42 - a. Calculate the highest common divisor of 16 and m.
8
Let l = 18 + -8. Suppose 4*h - 2*m = -36 + 50, -4*m = 4*h + 4. Calculate the greatest common factor of l and h.
2
Let y(m) = 28*m**3 + 20*m**2 - 11*m - 8. Let c be y(1). What is the highest common factor of c and 37?
1
Suppose p = 5*p - 3*a - 204, -3*a - 42 = -p. Let v(j) = 36*j - 9. Let q be v(6). Let c be 9/12 + q/12. Calculate the highest common divisor of p and c.
18
Let p(o) = o**3 - 2*o**2 + 8*o - 3. Suppose -196*f + 190*f + 30 = 0. Let i be p(f). Calculate the greatest common factor of 14 and i.
14
Suppose 0 = 7*s - 11*s + 20. Suppose -4*h + 142 = -z + 58, s*h + 2*z = 105. Suppose 0 = x - 93 - 138. What is the highest common divisor of h and x?
21
Let t(l) = 2*l**2 + 17*l - 208. Let v be t(-16). Calculate the greatest common factor of v and 928.
32
Let i be (41 - -1)/((-400)/48 - -9). What is the highest common factor of i and 2961?
63
Let s be (-4)/(2 - (-36)/(-17)). Let y(a) = 1364*a + 5458. Let r be y(-4). Calculate the greatest common factor of r and s.
2
Suppose -580*n + 568*n + 432 = 0. Let c be (-9)/(-3) - 1*(-4 + -245). What is the greatest common divisor of n and c?
36
Let b = 35322 + -33047. What is the highest common divisor of b and 280?
35
Let s = -249 - -2374. Calculate the greatest common factor of 935 and s.
85
Let j = -18934 - -19326. What is the greatest common factor of j and 6440?
56
Suppose -6*u + 17*u = 33. Suppose 3*o - u*f - 114 = -9, -5*f = 15. What is the highest common factor of o and 32?
32
Suppose 619 = -57*g + 5863. Calculate the greatest common divisor of 112 and g.
4
Suppose -5*c + 12670*i + 1031 = 12668*i, 3*c - 5*i = 630. Calculate the highest common divisor of c and 1517.
41
Suppose 0 = 2*b - 7*n + 5*n - 730, -5*n + 1505 = 4*b. Let f = 419 + -345. Calculate the greatest common factor of f and b.
74
Let n be 119/49 + -2 - -206*582/42. What is the greatest common divisor of n and 40?
5
Suppose 3*n = 4*i - 138, -4*i - 4*n + 0*n + 124 = 0. Suppose -83*l - 71*l = -45738. What is the highest common divisor of l and i?
33
Let r be (7 - -2)*(-1510)/(-120)*448/24. Calculate the highest common divisor of 322 and r.
14
Let n(l) = l**2 - 6*l - 14. Let a(m) = m + 16. Let p be a(-5). Let s be n(p). Calculate the highest common factor of 41 and s.
41
Let j be 18316/19*1/(-2). Let z = j - -682. What is the greatest common factor of 120 and z?
40
Suppose -12*t - 816 = -43*t + 2253. Suppose 2*l - 17 = -3*x, 3*l = -l + 2*x + 26. Let b be (-2)/l - (-699)/21. What is the highest common factor of b and t?
33
Suppose -1347 = -24*p - 75. What is the highest common divisor of 1007 and p?
53
Suppose 36*a = 29*a + 917. Suppose 3*n = 5*r + 90, 6*n - 2*n - a = 3*r. What is the greatest common divisor of n and 15?
5
Let g = 8 + -8. Suppose g = -2*n + 8*n - 252. Let v be 2/(-12) + 217/n. Calculate the greatest common divisor of v and 1.
1
Let h(y) = 85*y - 44. Let p be 150/(-15)*4/(-10). Let q be h(p). What is the greatest common factor of 8 and q?
8
Let l(g) = 5*g - 63. Let v be l(13). Suppose -3*a + v*b = -1031, 333 = a - 0*b + 2*b. Suppose r - 45 + 14 = 0. Calculate the highest common divisor of a and r.
31
Suppose -4*b + 24 = 0, 94*j - 123 = 91*j - 4*b. Calculate the greatest common factor of 9273 and j.
33
Let a = -22 - -102. Suppose -28 = 7*n - 11*n. Suppose n*m + 20 = 8*m. Calculate the highest common divisor of a and m.
20
Let s(j) = 2*j**3 - 86*j**2 + 91*j - 38. Let d be s(42). Calculate the greatest common divisor of 664 and d.
8
Let w = 32 - 29. Let d be ((-23)/(-4))/(4/(-16)). Let a = 50 + d. What is the highest common divisor of a and w?
3
Let v(u) = u**2 + 2*u - 3 - 3 - 1. Let a be v(-4). Let b be a/1 + 0 - -5. Calculate the greatest common divisor of b and 24.
6
Let p(c) be the third derivative of c**6/120 - c**5/20 + c**4/2 + c**3 - c**2 - 38*c. Let s be p(4). Calculate the highest common divisor of s and 5.
5
Suppose -1236 = -198*d + 2922. What is the greatest common divisor of d and 553?
7
Suppose 693*o = 692*o - u + 4022, 5*o - 2*u - 20075 = 0. What is the highest common divisor of o and 273?
39
Suppose -44*d + 54560 = 242*d - 66*d. Calculate the highest common divisor of 1116 and d.
124
Suppose -21*g + 575669 = 554501. Calculate the greatest common divisor of 8820 and g.
252
Suppose 20*d = -5*d + 50. Let q be d/(-5 + (-1799)/(-357)). What is the greatest common divisor of q and 85?
17
Let w = -27 + 37. Suppose -4*q + 5*i = -19, 0 = -q - i - 3 + w. Suppose 8 = -4*j, q*k = 2*k + 3*j + 14. What is the highest common factor of k and 16?
2
Let k = -10478 + 10972. What is the highest common factor of k and 702?
26
Let z be 3/2 - (-3060)/(-8). Let m = 392 + z. Let s be 297/6*(3 - -1). Calculate the greatest common divisor of m and s.
11
Let q = 6674 + -6506. Calculate the highest common factor of 2268 and q.
84
Suppose 4*q - 570 = 170. Let p be 1 - (-1 - q)/3. Let j(l) = -10*l - 49. Let d be j(-7). Calculate the greatest common factor of p and d.
21
Suppose 311443*w + 8070 = 311446*w. What is the highest common divisor of w and 50?
10
Let i = 177 + -83. Let b(f) = 7*f**2 + 42*f + 281. Let k be b(-9). Calculate the greatest common factor of k and i.
94
Suppose 1916*l - 521856 = 1889*l. What is the highest common divisor of 151 and l?
151
Let z(v) = 3*v**2 + 116*v + 576. Let i be z(-5). Calculate the greatest common factor of i and 5041.
71
Let b = 430 - 641. Let q = b - -355. Calculate the highest common divisor of 32 and q.
16
Let f be 15/(-6)*(-44)/10. Suppose 138*m - 194*m + 1232 = 0. Calculate the greatest common factor of m and f.
11
Let w be 45/12*(-4)/(-3). Suppose -12 = -4*f - 3*o - 2*o, -4*f - 4*o + 16 = 0. Suppose f*s = w*s + 51. What is the greatest common factor of 17 and s?
17
Let d(v) = 450*v - 12120. Let o be d(27). What is the highest common factor of o and 3195?
15
Let q be 9/2 + (-1)/2. Suppose 0 = -2*c - 5*o + 32, -46 = -2*c + q*o + 22. Let g = 357 - 227. Calculate the highest common divisor of c and g.
26
Suppose -3*u = -8*u - 5*t + 1565, 0 = 6*u - 2*t - 1846. What is the greatest common factor of 1751 and u?
103
Suppose -10*f - 9*f = 95. Let r be (f/(-4) + -2)*(-16)/4. Calculate the highest common divisor of r and 9.
3
Suppose -5*h + 3 = -t, 3*t + 42 - 84 = -2*h. What is the greatest common divisor of 588 and t?
12
Let c(v) = 9*v**2 + v + 8. Let n(x) = x**2 - 3*x. Let h be n(1). Let w be c(h). What is the highest common divisor of w and 14?
14
Let w(r) = r**2 + 6*r + 5. Let h be w(-1). Suppose h = -49*q + 53*q. Let n(z) = -z**3 + 4. Let c be n(q). What is the greatest common factor of 6 and c?
2
Suppose 13*o = 6*o + 2919. Let y(g) = -2*g**2 + 20 - o*g - 9*g**2 - g**3 + 430*g. Let w be y(-12). What is the highest common factor of 1 and w?
1
Suppose -4*g - 220 = 6*f - 288, 3*g - f = 18. What is the greatest common factor of g and 331?
1
Let x be 13 + 132/32 + (-1)/8. What is the highest common divisor of 527 and x?
17
Let q(x) = 14*x**2 + 589*x + 95. Let l be q(-42). What is the highest common divisor of 3392 and l?
53
Suppose 201 = r - m, 8469*r - 4*m = 8473*r - 780. Let u be (-3)/2*(-46)/3. Suppose -59 = -2*l - u. What is the highest common factor of l and r?
18
Suppose -2*u - s - 223 = -6*u, 3*s - 115 = -2*u. What is the highest common divisor of 40 and u?
8
Let d be ((-2)/(-6))/((-68)/(-20400)). Calculate the greatest common factor of 310 and d.
10
Let a be 4/22 + (-62756)/(-176) - (-5)/20. Calculate the greatest common factor of 1309 and a.
119
Let d = -7369 - -9417. What is the highest common divisor of d